 Calculate the highest common divisor of d and 35.
5
Suppose 3*n - 5*n - 4*q = -30, -5*n + 4*q = -131. Calculate the highest common divisor of n and 23.
23
Suppose -3*h + 39 = 3*y, 44 = 5*y - 2*h - 35. Calculate the highest common factor of y and 35.
5
Suppose 5*f + 4*d - 142 = 0, -3*d = 2*f - 7*f + 156. Calculate the highest common divisor of f and 12.
6
Suppose 5 = 5*w - 10. Let z(h) = 60*h - 4. Let m be z(w). Suppose 2*q - 38 = -6. What is the highest common divisor of m and q?
16
Let h be (12/9)/((-1)/(-33)). Suppose -k = 2*s - 15, s - 34 = -4*k + 6*s. Calculate the greatest common divisor of k and h.
11
Let v = 197 + -127. Suppose 0 = 4*z + 50 - v. Calculate the greatest common divisor of 65 and z.
5
Suppose c - 2*d = -8*d + 1290, -4*c + 5132 = -4*d. What is the highest common divisor of 24 and c?
12
Suppose -6*h + 50 = -76. What is the greatest common factor of 343 and h?
7
Let r be 88/6*78/52. Calculate the highest common divisor of r and 99.
11
Suppose -37 = t - 45. Let f be (2 + -4)/(-2) - -55. What is the greatest common divisor of f and t?
8
Suppose g - 28 = 5*p - p, 5*p + 50 = 2*g. Suppose 0 = 3*a - 6*a + 60. Suppose -o = -6*o + a. Calculate the highest common factor of g and o.
4
Let m = -863 + 905. Calculate the greatest common factor of 518 and m.
14
Suppose 144 = z + 3*z. Let r(a) = a**2 + 22*a + 116. Let u be r(-14). What is the greatest common divisor of z and u?
4
Suppose -2*n + n + 92 = 0. Let m(k) = 33*k + 39. Let y be m(3). Calculate the highest common factor of n and y.
46
Let c be (-4)/12*0*1. Suppose 5*y = -c*o - 2*o + 13, -y + 1 = 0. Suppose o*a = s - 80, 4*s - 266 = a - 21. What is the greatest common factor of 12 and s?
12
Let k be 18*-8*(-104)/96. What is the highest common factor of 444 and k?
12
Suppose 2*s = 4*s - 16. Let q(a) = a**3 - 6*a**2 - 8*a + 8. Let y be q(8). Calculate the greatest common factor of s and y.
8
Let c(y) = y**2 - 13*y + 8. Let o be c(13). Let w = 4 - -83. Suppose 8 = 4*r - f - w, -49 = -2*r - f. What is the greatest common divisor of o and r?
8
Let l(z) = -140*z - 14. Let v be l(-1). Suppose 0 = -5*p, 2*x - 4*p - 21 = 7. Calculate the highest common factor of v and x.
14
Let b be 23/(138/192) - 2. What is the greatest common factor of b and 530?
10
Let p be 118 + (0 - (0 - 2)). Suppose 0 = -j + 8*j - 105. Calculate the greatest common factor of p and j.
15
Let n(k) = -k**2 - 9*k + 13. Let u be n(-10). Suppose -69 - 15 = -u*v. Let r be (v/(-2))/(6 + -8). Calculate the highest common divisor of r and 1.
1
Let t be (0 + (-1)/(-3))/(5/1230). Let o = t + -47. Calculate the greatest common factor of 385 and o.
35
Suppose -g - 6*g = -35. Suppose -4*o = 2*i - 42, -g*i + 36 = -2*i - 3*o. Calculate the greatest common divisor of 5 and i.
5
Let z(w) = -4*w - 15. Let q be z(-5). Suppose 2*b - 4*f - 30 = 0, q*f + 26 = 2*b - 7. What is the greatest common divisor of b and 63?
9
Let x be 1/23*44 + -2 + (-1020)/(-92). Let s(o) = 13*o**3 - 2*o**2 + 3*o - 3. Let m be s(2). What is the highest common divisor of x and m?
11
Let w be (-1)/(3132/627 - 20/4). What is the greatest common divisor of w and 19?
19
Let t = 22 + -31. Let n be ((-6)/t)/((-2)/(-15)). Let q be (-1 - -191) + (n - 5). Calculate the highest common factor of q and 76.
38
Suppose 3*v + 0*v = -3. Let d = v - -6. Suppose -14 + 4 = -d*o. What is the greatest common divisor of o and 22?
2
Let n be (100 - -9) + -1*1. Suppose 4*d = d + n. Suppose -d = -4*o - 5*g + 44, -4*o - g + 64 = 0. What is the greatest common divisor of o and 105?
15
Let v be -24*((-185)/20 + 3). Calculate the highest common divisor of 90 and v.
30
Let k be (3 + (-136)/28)/(2/(-14)). Let p = -180 - -362. Calculate the greatest common divisor of k and p.
13
Let k = -843 - -920. What is the greatest common factor of k and 462?
77
Let t = 33 + -49. Let v = t + 58. What is the greatest common factor of 6 and v?
6
Suppose -z = 4*z - 135. Let h = -6 + 24. What is the highest common factor of z and h?
9
Let a be 3/(-2) - 18/4. Let r(n) = -2*n**3 - 12*n**2 - 6*n - 12. Let v be r(a). Calculate the highest common divisor of v and 216.
24
Suppose -955 = -2*q - 247. What is the highest common factor of 6 and q?
6
Let t = -4241 + 6233. Calculate the greatest common divisor of t and 24.
24
Let r(l) = 525*l - 7. Let o be r(1). What is the greatest common divisor of o and 14?
14
Let o(z) = -z**3 + 3*z**2 - 2*z. Let d be o(2). Suppose d = m - 4 + 5, 5*m - 34 = -3*q. Suppose r - 1 - 64 = 0. What is the highest common factor of q and r?
13
Suppose 12 = -v + 2*v. Let a = 27 - 15. Let x be (a/(-15))/((-4)/30). Calculate the highest common divisor of v and x.
6
Let v(q) = -9*q + 42. Let w be v(6). Let r be (-6)/w - 26/(-4). What is the highest common divisor of 35 and r?
7
Let x = -298 - -303. Calculate the highest common factor of 8 and x.
1
Let a be 2/18 + (-17970)/135. Let p be 3/(-2) - a/14. Calculate the highest common divisor of p and 12.
4
Let d be 6 + (139 - (0 + -7)). What is the greatest common divisor of d and 19?
19
Let j(w) = w**3 + 3. Let h be j(3). Suppose 5*v - 3*v + 24 = 4*v. What is the greatest common divisor of h and v?
6
Suppose 3*a - 914 = 2*v, -4*v = a - 447 + 133. Calculate the highest common factor of a and 204.
102
Suppose 4*i + 5*t = 1787, -i + 3*t - 68 = -519. Calculate the greatest common factor of i and 7.
7
Let i(w) = w**2 + 13*w + 73. Let b be i(-11). What is the highest common divisor of 68 and b?
17
Let b = -207 - -82. Let r = -89 - b. Let g be (14/8 - 1)/(2/64). What is the highest common factor of r and g?
12
Suppose 5*h + 62 = -4*o, -2*h + 4*o - 6 = 2. Let k be (-6 - 126/(-15))*h/(-4). Calculate the greatest common factor of k and 6.
6
Let s = -224 + 344. Calculate the greatest common factor of 20 and s.
20
Let o be (-31 - -1)*(-66)/55. Let a = -16 - -25. What is the highest common divisor of o and a?
9
Let j(s) = -s**3 + 13*s**2 - 10*s - 2. Let b be j(11). What is the highest common divisor of b and 715?
65
Let z be (10/4)/(3/42). Suppose -3*u + 318 = 3*w, -4*w + 417 = -3*u - 0*u. Calculate the greatest common factor of z and w.
35
Suppose 6 = 3*j - j. Suppose -n = j*t - 5 + 31, -t = 2*n + 12. Let f = t - -38. Calculate the greatest common divisor of 12 and f.
6
Let n(a) = -22*a**3 + 4*a**2 + 4*a - 1. Let l be n(-1). Suppose 0 = -m + 11 + l. Calculate the greatest common divisor of m and 80.
16
Let v be 196/6 + -4*(-2)/(-12). Suppose -v = -2*l + 36. Calculate the highest common factor of l and 17.
17
Let n be ((-136)/3)/((-28)/42). Suppose n = -8*v + 292. Calculate the highest common factor of 28 and v.
28
Suppose -8*n + 57 = -7. Let z = 17 + -9. What is the highest common factor of z and n?
8
Let u = -19 + 33. Let z be ((-1540)/(-30))/(2 - 17/9). Suppose -2*a = a - z. What is the highest common factor of u and a?
14
Let y = -723 - -765. What is the greatest common factor of y and 6?
6
Let b(q) = -2*q**2 - 9*q - 3. Let f be b(-6). Let r = -21 - f. Let t be (-8)/(6/(-15) - r). What is the greatest common divisor of 100 and t?
20
Let j be ((-48)/15)/(6/(-15)). Let s = 1 + j. What is the highest common divisor of s and 1?
1
Let c(r) be the third derivative of 0*r - 4/3*r**3 - 1/4*r**4 - 5*r**2 + 0. Let b be c(-12). What is the highest common divisor of b and 16?
16
Let q(u) = -3*u - 2. Let v be q(-2). Suppose 3*b - 156 = 4*j, -2*j - 116 = j - 2*b. Let r = j - -64. Calculate the highest common factor of r and v.
4
Let i(w) = 112*w**2 - w + 8. Let p(o) = -56*o**2 + o - 4. Let g(v) = 6*i(v) + 11*p(v). Let l be g(-1). What is the highest common factor of 11 and l?
11
Suppose -127 - 107 = -2*g. Suppose 5*f - 5 = 4*v - 72, 5*f = -3*v + 24. What is the greatest common divisor of v and g?
13
Let j be -15 - -5 - (-20 + -22). Let l(g) = -6*g**2 + 3 - g - 3 - 2 - g**3. Let c be l(-6). What is the greatest common factor of j and c?
4
Let f be 0 + (1 - -3 - 8). Let j(l) = 2*l**3 + 6*l**2 - 12*l - 10. Let t be j(f). What is the highest common factor of t and 9?
3
Let i(w) = -w**2 - 2*w - 1. Let j be i(-3). Let m = j + 29. Suppose 360 = -968*c + 990*c + 140. What is the greatest common divisor of m and c?
5
Let u = -471 - -482. Suppose 7*v = 3*v + 220. Suppose 2*n = -3*n + v. Calculate the greatest common factor of u and n.
11
Suppose 3*t + 4*p = 104, 4*t + 2*p = 207 - 85. 